hat is the highest common factor of a and g?
13
Let h(w) = w**3 + 53*w**2 - 52*w + 132. Let k be h(-54). What is the greatest common factor of 81 and k?
3
Suppose -k + 12 = 3*k + 2*l, 15 = 5*k + l. Let a = 7 - k. Suppose 14 = q - 3*u, 0 = 4*q + u - 27 - 55. What is the highest common divisor of q and a?
4
Let o = 37 + 31. Calculate the highest common factor of 544 and o.
68
Let p(m) = -5*m + 1. Let r be p(-3). Let d = r - 8. Let t = -7 + d. What is the greatest common factor of t and 2?
1
Let f = -1510 + 1530. What is the greatest common divisor of f and 265?
5
Let s = 18 + -20. Let m be (-17)/(-2) - s/(-4). Calculate the highest common factor of 8 and m.
8
Let i = 183 + -129. Calculate the highest common factor of i and 4.
2
Let b be 508/10 + (-62)/(-10) + -6. Calculate the greatest common divisor of b and 323.
17
Let h be (-6)/((51/140)/(-17)). What is the highest common factor of 80 and h?
40
Let v(t) = 30*t**2 + 3*t + 1. Let r be v(3). Suppose -r = 12*y - 22*y. Calculate the greatest common factor of y and 7.
7
Suppose -4*n = 5 + 7. Let b = 4 + n. Suppose 2*z - o = 10, 278*z = 274*z + 4*o + 12. What is the highest common factor of z and b?
1
Let r = 449 - 218. Calculate the highest common divisor of r and 154.
77
Let y = 2 + 1. Let p(g) = 12*g + 4. Let d(x) = -x. Let u(i) = -20*d(i) - p(i). Let n be u(y). Calculate the highest common factor of 30 and n.
10
Suppose -13*z + 16 = -9*z. Suppose r + 4*r - f - 40 = 0, f = z*r - 32. Calculate the greatest common factor of r and 88.
8
Suppose 4*u + 0*y - 46 = 3*y, -3*u + 28 = y. Let q(s) = -s**3 + 9*s**2 + 12*s - 15. Let t be q(u). Calculate the greatest common factor of t and 2.
1
Suppose -40*i - 958 + 5038 = 0. Calculate the greatest common divisor of 918 and i.
102
Suppose 4*g = -22*g + 156. Calculate the highest common factor of 1698 and g.
6
Let n be -3 + (-1485)/(-10) + 2/4. Calculate the highest common divisor of 6 and n.
2
Let h = -631 - -659. What is the highest common factor of 35 and h?
7
Suppose -64 = u - 5*s - 196, -720 = -5*u + 5*s. What is the greatest common divisor of u and 245?
49
Let x be (-2)/(-11) + (-92)/22. Let d be (7/(-2))/(((-10)/x)/(-5)). Calculate the greatest common factor of d and 63.
7
Suppose -q + 5 + 10 = 0. Let p be 12/(-20)*(25 - 30). Calculate the highest common divisor of p and q.
3
Let r be 308/17 + (-38)/323. Suppose 2*p - 32 = 22. Calculate the greatest common factor of p and r.
9
Suppose -281 = -3*s + 835. Let y = 625 - s. Calculate the greatest common factor of y and 23.
23
Let g(p) = -p**2 + 7*p + 20. Let b be g(8). Calculate the highest common factor of b and 192.
12
Let f(n) = n**2 + 2*n - 16. Suppose q = -3 - 3. Let y be f(q). Let g(w) = 3*w**2 + 2*w. Let t be g(-2). Calculate the highest common divisor of t and y.
8
Let c be (1 + -13)/(-2 + 0). Suppose 0 = 3*u - 5*b - 22, 4*b = u - 18 + c. Let k be (-1)/3 + (-19)/(-3). What is the greatest common divisor of k and u?
2
Suppose 3*g - 268 = -2*u - 0*g, -g = -2*u + 252. What is the highest common divisor of 4096 and u?
128
Let h = 29 + -23. What is the highest common divisor of 15 and h?
3
Let a = -4 + 7. Suppose -231 = -a*r - 0*r. Suppose -4*f = -5*v - 69, 4*f - 9 = 5*f + 4*v. Calculate the greatest common factor of f and r.
11
Suppose 141 = 4*j - 11. Let g be (-114)/(-4)*(11 - (-92)/(-12)). Calculate the highest common divisor of j and g.
19
Suppose -5*s + 4 = -11. Suppose -11 = -5*b - s*h + 4, 9 = 3*b - h. Suppose -2*t - 30 = -l, l - b - 39 = -2*t. Calculate the highest common divisor of l and 12.
12
Let g = 154 + -18. Calculate the greatest common divisor of g and 51.
17
Let n = -295 + 656. Calculate the greatest common divisor of n and 38.
19
Let x be 0 + 0 + 0 + 1. Let i(m) = m**2 + 8*m - 13. Let q be i(2). Let g = q + 1. Calculate the highest common factor of g and x.
1
Let v(j) = 7*j - 77. Let i be v(9). Let y = 2 - 10. Let z be 7/(i/y) + -1. What is the highest common divisor of 24 and z?
3
Let z = -175 + 184. What is the highest common divisor of 45 and z?
9
Let c = -1230 + 1267. What is the greatest common factor of c and 37?
37
Suppose 30 = 2*b + 16. Let y = b + 17. What is the highest common divisor of 16 and y?
8
Let k = -9735 - -9747. Let v(n) = -39*n - 3*n - 6*n. Let d be v(-1). Calculate the highest common factor of k and d.
12
Suppose -6*m + 566 + 544 = 0. Suppose 0 = 4*g + i - 24 - m, i = 1. Calculate the highest common divisor of g and 78.
26
Let s = -435 - -445. What is the highest common factor of s and 130?
10
Suppose -634 + 14 = -31*t. Suppose -729 = -4*a + 3*h, 3*a - a - 375 = 5*h. Calculate the greatest common factor of a and t.
20
Let b(m) = -81*m - 142. Let y be b(-2). Calculate the highest common factor of y and 90.
10
Suppose -4 = -3*w + 8. Suppose -5*i - 2*k = -0*k + 7, 3*k = -w*i. Let b be 1/i - 8/(-6). What is the highest common divisor of 9 and b?
1
Suppose -3*v = 29 + 37. Let g = v + 24. Suppose c + 2*c = 9, -d + 20 = g*c. What is the highest common factor of 14 and d?
14
Suppose -25*n = -21*n - 28. Suppose 0 = 2*w + 2*u - 32, -5*w + 68 = n*u - 5*u. Let l = -13 - -31. What is the highest common factor of w and l?
6
Suppose -2*t + 2 = n, -3*t = 5*n + t - 10. Suppose n*c = 36 + 4. Let g be (5 - 2) + 6/3. What is the greatest common factor of c and g?
5
Let r(x) = 1 + 8*x - 3*x**2 + 3*x + 4*x**2. Let w be r(-11). Let h be -1 + 12 + 2 + (-2)/1. What is the greatest common divisor of w and h?
1
Let d = -1146 + 2303. Calculate the highest common factor of 178 and d.
89
Let s(w) = w**3 + 15*w**2 + 4*w + 10. Let f be s(-14). Suppose -4*j + 6*j = f. Calculate the highest common factor of j and 30.
15
Suppose -5*x - 1 + 21 = 0. Let w be (-108)/(-12)*x/(-3). Let i be 2/((-32)/w)*4. What is the highest common divisor of 21 and i?
3
Let t be 1/(-3) - 10/6. Let n be t/1 - (2 - 16). Let h be -7*(3 - (-125)/(-35))*12. What is the highest common factor of n and h?
12
Let b(d) = d**2 + 7*d - 44. Let l be b(-12). Calculate the greatest common factor of 68 and l.
4
Let m(i) = -i**2 + 5 + 2*i**2 - 4*i + 6*i + i. Let v be m(-4). Let u(c) = 2*c - 4. Let b be u(v). What is the highest common factor of 70 and b?
14
Let k = -84 + 44. Let s = k + 56. Suppose -253 = -5*c - 53. Calculate the highest common divisor of s and c.
8
Suppose -8*n + 2*n + 174 = 0. Suppose 0 = -19*t + n*t - 3120. What is the highest common divisor of 39 and t?
39
Suppose p + 246 - 77 = 2*g, 81 = g + 3*p. What is the greatest common factor of 798 and g?
42
Let o be ((-12)/18*3)/((-1)/(-16)). Let h = o - -60. Calculate the highest common factor of h and 28.
28
Let s = 256 - 157. Let l = -57 + s. Calculate the greatest common factor of l and 2.
2
Suppose 3*b = -b + 4, -2*f = -b - 91. Let t = 65 - f. Let h = t - 9. Calculate the greatest common factor of 30 and h.
10
Suppose -4*s = s - 5. Suppose -22*r + 184 = r. What is the highest common factor of s and r?
1
Suppose 0 = -3*l - 4*l + 77. What is the greatest common factor of 2 and l?
1
Suppose x - 4 = -3*o - 0*x, 0 = -4*o + 3*x + 14. Let h be 92/o + 4/2. Let k be 41/7 + 73/511. Calculate the greatest common factor of k and h.
6
Let f(w) = w**3 + 14*w**2 + w + 34. Let s be f(-14). Calculate the greatest common divisor of 100 and s.
20
Let f be 1/(3 - (-1904)/(-637)). Let t = -3 + 10. What is the highest common divisor of t and f?
7
Let m = 10 - 9. Let x = m + 1. Let t be 83/x - (-3)/(-2). Calculate the highest common factor of t and 20.
20
Let v = -10 + 9. Let r = v - -7. Suppose -2*i + 72 = i. What is the highest common factor of r and i?
6
Let x = 15017 - 22589. Let i be x/(-84) - 1/7. Let z = -6 - -15. What is the highest common factor of z and i?
9
Let l(i) = -i**2 + i + 2. Let r be l(0). Let z be (-1)/r + (-1610)/(-20). Calculate the greatest common divisor of z and 10.
10
Let i(c) = -3*c**3 - 5*c**2 - 5*c - 12. Let x be i(-6). Let b = 263 - x. Let l = b + 318. Calculate the greatest common divisor of 19 and l.
19
Let a be 6*1 + (-21)/7. Let c = -10 + a. Let y = c + 11. Calculate the greatest common divisor of y and 28.
4
Let t be ((-6)/4)/((-12)/88). Suppose -t*d + 420 = -7*d. Suppose 4*f - 3*g - 84 = 0, 2*g + 0*g = 0. Calculate the highest common factor of f and d.
21
Let d be 71246/637 + 2/13. What is the highest common divisor of 84 and d?
28
Let u(r) = 27*r - 92.